{"id":1155,"date":"2018-03-19T12:16:30","date_gmt":"2018-03-19T12:16:30","guid":{"rendered":"http:\/\/mic-dz.com\/ange\/?page_id=1155"},"modified":"2018-03-19T12:16:30","modified_gmt":"2018-03-19T12:16:30","slug":"atelier-shooting-photo-bebe","status":"publish","type":"page","link":"https:\/\/leniddange.com\/?page_id=1155","title":{"rendered":"Atelier shooting photo b\u00e9b\u00e9"},"content":{"rendered":"<div class=\"wpb-content-wrapper\"><p>[vc_row][vc_column width=\u00a0\u00bb1\/2&Prime;][vc_column_text]<span style=\"font-size: 18px;\"><em>Shooting b\u00e9b\u00e9, un beau portrait de votre enfant.<\/em><\/span><\/p>\n<p>Parce que les expressions et le visage d&rsquo;un b\u00e9b\u00e9 changent tr\u00e8s vite, parce qu&rsquo;il est difficile de prendre de belles photographies des jeunes enfants, faire confiance \u00e0 un photographe professionnel vous garantit des portraits qui resteront dans l&rsquo;histoire de la famille.<\/p>\n<p>Le nid d&rsquo;ange vous pr\u00e9sente le shooting \u00ab\u00a0B\u00e9b\u00e9\u00a0\u00bb, une s\u00e9ance sp\u00e9cialement con\u00e7ue pour les b\u00e9b\u00e9s de quelques semaines ou quelques mois.<\/p>\n<p>Notre offre \u00ab\u00a0B\u00e9b\u00e9\u00a0\u00bb , c&rsquo;est d&rsquo;abord une s\u00e9ance photo dans un studio agr\u00e9able et accueillant o\u00f9 le mat\u00e9riel n\u00e9cessaire pour le bien-\u00eatre de votre b\u00e9b\u00e9 est mis \u00e0 disposition. Mieux vaut mettre toutes les chances de son c\u00f4t\u00e9 pour que votre tout-petit se sente bien !<br \/>\nNotre photographe prend le temps de le mettre \u00e0 l&rsquo;aise : change, t\u00eat\u00e9e ou c\u00e2lins font partie de la s\u00e9ance photo !<\/p>\n<p>Le shooting B\u00e9b\u00e9, c&rsquo;est aussi un style de photographies en couleur ou noir &amp; blanc, tout en douceur, avec un \u00e9clairage en studio soign\u00e9.<br \/>\nNous vous proposons diff\u00e9rentes poses , des couvertures ou accessoires de couleurs vari\u00e9s; vous pouvez changer la tenue de votre enfant en cours de s\u00e9ance. Nous vous proposons aussi quelques photos de lui tout nu, comme aux premi\u00e8res minutes.<\/p>\n<p>Cette s\u00e9ance photo B\u00e9b\u00e9 est ouverte \u00e0 tous les b\u00e9b\u00e9s de moins de 18 mois.[\/vc_column_text][\/vc_column][vc_column width=\u00a0\u00bb1\/2&Prime;][vc_single_image image=\u00a0\u00bb1156&Prime; img_size=\u00a0\u00bblarge\u00a0\u00bb alignment=\u00a0\u00bbcenter\u00a0\u00bb style=\u00a0\u00bbvc_box_shadow_border\u00a0\u00bb label=\u00a0\u00bb\u00a0\u00bb][\/vc_column][\/vc_row]<\/p>\n<\/div>","protected":false},"excerpt":{"rendered":"<p>[vc_row][vc_column width=\u00a0\u00bb1\/2&Prime;][vc_column_text]Shooting b\u00e9b\u00e9, un beau portrait de votre enfant. Parce que &#8230; <\/p>\n","protected":false},"author":1,"featured_media":0,"parent":0,"menu_order":0,"comment_status":"closed","ping_status":"closed","template":"","meta":{"footnotes":""},"class_list":["post-1155","page","type-page","status-publish","hentry"],"_links":{"self":[{"href":"https:\/\/leniddange.com\/index.php?rest_route=\/wp\/v2\/pages\/1155","targetHints":{"allow":["GET"]}}],"collection":[{"href":"https:\/\/leniddange.com\/index.php?rest_route=\/wp\/v2\/pages"}],"about":[{"href":"https:\/\/leniddange.com\/index.php?rest_route=\/wp\/v2\/types\/page"}],"author":[{"embeddable":true,"href":"https:\/\/leniddange.com\/index.php?rest_route=\/wp\/v2\/users\/1"}],"replies":[{"embeddable":true,"href":"https:\/\/leniddange.com\/index.php?rest_route=%2Fwp%2Fv2%2Fcomments&post=1155"}],"version-history":[{"count":0,"href":"https:\/\/leniddange.com\/index.php?rest_route=\/wp\/v2\/pages\/1155\/revisions"}],"wp:attachment":[{"href":"https:\/\/leniddange.com\/index.php?rest_route=%2Fwp%2Fv2%2Fmedia&parent=1155"}],"curies":[{"name":"wp","href":"https:\/\/api.w.org\/{rel}","templated":true}]}}